{"id":2622,"date":"2022-11-15T13:52:47","date_gmt":"2022-11-15T12:52:47","guid":{"rendered":"http:\/\/www.stjoguignen.fr\/?page_id=2622"},"modified":"2025-10-09T16:30:09","modified_gmt":"2025-10-09T14:30:09","slug":"bureau-apel","status":"publish","type":"page","link":"https:\/\/www.stjoguignen.fr\/index.php\/bureau-apel\/","title":{"rendered":"Bureau APEL du Coll\u00e8ge"},"content":{"rendered":"\n<p>Pr\u00e9sidente : DUFOUR La\u00ebtitia <\/p>\n\n\n\n<p>Secr\u00e9taire : GLOUX S\u00e9verine<\/p>\n\n\n\n<p>Secr\u00e9taire adjointe : AYOUB-ONILLON Marina<\/p>\n\n\n\n<p>Tr\u00e9sori\u00e8re : STOHELLOU H\u00e9l\u00e8ne<\/p>\n\n\n\n<p>Tr\u00e9sori\u00e8re adjointe : PITHOIS Charl\u00e8ne<\/p>\n\n\n\n<p><strong><a href=\"https:\/\/www.stjoguignen.fr\/wp-content\/uploads\/2025\/10\/Composition-APEL_25-26.pdf\" target=\"_blank\" rel=\"noreferrer noopener\">Composition de l&rsquo;APEL<\/a><\/strong><\/p>\n\n\n\n<p><strong>Contactez l&rsquo;APEL du Coll\u00e8ge : <\/strong><a href=\"mailto:apel.stjoguignen@gmail.com\"><strong>apel.stjoguignen@gmail.com<\/strong><\/a><\/p>\n\n\n\n<p><\/p>\n\n\n\n<p><\/p>\n\n\n\n<p><\/p>\n","protected":false},"excerpt":{"rendered":"<p>Pr\u00e9sidente : DUFOUR La\u00ebtitia Secr\u00e9taire : GLOUX S\u00e9verine Secr\u00e9taire adjointe : AYOUB-ONILLON Marina Tr\u00e9sori\u00e8re : STOHELLOU H\u00e9l\u00e8ne Tr\u00e9sori\u00e8re adjointe : PITHOIS Charl\u00e8ne Composition de l&rsquo;APEL Contactez l&rsquo;APEL du Coll\u00e8ge : apel.stjoguignen@gmail.com<\/p>\n","protected":false},"author":2,"featured_media":0,"parent":0,"menu_order":0,"comment_status":"closed","ping_status":"closed","template":"","meta":{"footnotes":""},"class_list":["post-2622","page","type-page","status-publish","hentry"],"jetpack_sharing_enabled":true,"_links":{"self":[{"href":"https:\/\/www.stjoguignen.fr\/index.php\/wp-json\/wp\/v2\/pages\/2622","targetHints":{"allow":["GET"]}}],"collection":[{"href":"https:\/\/www.stjoguignen.fr\/index.php\/wp-json\/wp\/v2\/pages"}],"about":[{"href":"https:\/\/www.stjoguignen.fr\/index.php\/wp-json\/wp\/v2\/types\/page"}],"author":[{"embeddable":true,"href":"https:\/\/www.stjoguignen.fr\/index.php\/wp-json\/wp\/v2\/users\/2"}],"replies":[{"embeddable":true,"href":"https:\/\/www.stjoguignen.fr\/index.php\/wp-json\/wp\/v2\/comments?post=2622"}],"version-history":[{"count":11,"href":"https:\/\/www.stjoguignen.fr\/index.php\/wp-json\/wp\/v2\/pages\/2622\/revisions"}],"predecessor-version":[{"id":4289,"href":"https:\/\/www.stjoguignen.fr\/index.php\/wp-json\/wp\/v2\/pages\/2622\/revisions\/4289"}],"wp:attachment":[{"href":"https:\/\/www.stjoguignen.fr\/index.php\/wp-json\/wp\/v2\/media?parent=2622"}],"curies":[{"name":"wp","href":"https:\/\/api.w.org\/{rel}","templated":true}]}}