{"id":529,"date":"2020-09-06T20:45:47","date_gmt":"2020-09-06T18:45:47","guid":{"rendered":"http:\/\/www.stjoguignen.fr\/?page_id=529"},"modified":"2026-03-03T15:23:29","modified_gmt":"2026-03-03T14:23:29","slug":"projet-pastoral-2","status":"publish","type":"page","link":"https:\/\/www.stjoguignen.fr\/index.php\/projet-pastoral-2\/","title":{"rendered":"PROJET PASTORAL"},"content":{"rendered":"\n<p><strong>La pastorale, de quoi s&rsquo;agit-il ?<\/strong><\/p>\n\n\n\n<p>La pastorale vise \u00e0 faire de notre \u00e9cole un lieu d\u2019\u00e9ducation anim\u00e9 par l\u2019esprit humaniste de l\u2019Evangile dans toutes ses dimensions et toutes ses pratiques. Elle rel\u00e8ve donc de l\u2019ensemble de la communaut\u00e9 \u00e9ducative, m\u00eame s\u2019il revient \u00e0 certaines personnes de l\u2019animer plus particuli\u00e8rement.<br>Les activit\u00e9s pastorales concernent tous les \u00e9l\u00e8ves de l\u2019\u00e9tablissement, catholiques ou non, et prennent des formes tr\u00e8s diverses selon les niveaux et les motivations.<\/p>\n\n\n\n<p><strong>Une pastorale ouverte \u00e0 tous&nbsp;:<\/strong><\/p>\n\n\n\n<p>Permettre \u00e0 des jeunes qui ne le connaissent pas de rencontrer J\u00e9sus, offrir aux chr\u00e9tiens qui le souhaitent la possibilit\u00e9 d\u2019approfondir leur Foi en d\u00e9couvrant l\u2019aum\u00f4nerie paroissiale ELANS, faire grandir en humanit\u00e9 le plus grand nombre possible d\u2019\u00e9l\u00e8ves, tout cela dans le respect des convictions religieuses de chacun, tels sont les buts de la pastorale au sein du coll\u00e8ge.<br>Les activit\u00e9s mises en place peuvent donc int\u00e9resser tous les \u00e9l\u00e8ves, catholiques ou non. Certaines sont obligatoires, d\u2019autres facultatives, notamment toutes celles qui demandent une adh\u00e9sion de Foi.<\/p>\n\n\n\n<p><strong>Des propositions diverses pour apprendre et r\u00e9fl\u00e9chir, c\u00e9l\u00e9brer et agir&nbsp;:<\/strong><\/p>\n\n\n\n<p>Cat\u00e9ch\u00e8se&nbsp;ou \u00c9ducation au D\u00e9veloppement et \u00e0 l\u2019Universel, rencontres de grands t\u00e9moins, rassemblements dioc\u00e9sains permettent aux \u00e9l\u00e8ves de tous niveaux de d\u00e9couvrir, de r\u00e9fl\u00e9chir et d\u2019\u00e9changer avec les autres. C\u00e9l\u00e9brations et temps forts facultatifs sont programm\u00e9s.<br>Enfin diff\u00e9rents projets de solidarit\u00e9 sont propos\u00e9s aux \u00e9l\u00e8ves ou construits avec eux.<\/p>\n\n\n\n<p><strong>Contact :<\/strong><\/p>\n\n\n\n<p>Mme Julie LEURET : <a href=\"mailto:julie.leuret@stjoguignen.org\"><strong>julie.leuret@stjoguignen.org<\/strong><\/a> et M. Anthony SARTHOU : <a href=\"mailto:anthony.sarthou@stjoguignen.org\"><strong>anthony.sarthou@stjoguignen.org<\/strong><\/a> <\/p>\n\n\n\n<p><\/p>\n","protected":false},"excerpt":{"rendered":"<p>La pastorale, de quoi s&rsquo;agit-il ? La pastorale vise \u00e0 faire de notre \u00e9cole un lieu d\u2019\u00e9ducation anim\u00e9 par l\u2019esprit humaniste de l\u2019Evangile dans toutes ses dimensions et toutes ses pratiques. Elle rel\u00e8ve donc&#46;&#46;&#46;<\/p>\n","protected":false},"author":2,"featured_media":0,"parent":0,"menu_order":0,"comment_status":"closed","ping_status":"closed","template":"","meta":{"footnotes":""},"class_list":["post-529","page","type-page","status-publish","hentry"],"jetpack_sharing_enabled":true,"_links":{"self":[{"href":"https:\/\/www.stjoguignen.fr\/index.php\/wp-json\/wp\/v2\/pages\/529","targetHints":{"allow":["GET"]}}],"collection":[{"href":"https:\/\/www.stjoguignen.fr\/index.php\/wp-json\/wp\/v2\/pages"}],"about":[{"href":"https:\/\/www.stjoguignen.fr\/index.php\/wp-json\/wp\/v2\/types\/page"}],"author":[{"embeddable":true,"href":"https:\/\/www.stjoguignen.fr\/index.php\/wp-json\/wp\/v2\/users\/2"}],"replies":[{"embeddable":true,"href":"https:\/\/www.stjoguignen.fr\/index.php\/wp-json\/wp\/v2\/comments?post=529"}],"version-history":[{"count":3,"href":"https:\/\/www.stjoguignen.fr\/index.php\/wp-json\/wp\/v2\/pages\/529\/revisions"}],"predecessor-version":[{"id":4287,"href":"https:\/\/www.stjoguignen.fr\/index.php\/wp-json\/wp\/v2\/pages\/529\/revisions\/4287"}],"wp:attachment":[{"href":"https:\/\/www.stjoguignen.fr\/index.php\/wp-json\/wp\/v2\/media?parent=529"}],"curies":[{"name":"wp","href":"https:\/\/api.w.org\/{rel}","templated":true}]}}